{"id":1842,"date":"2022-12-13T17:48:57","date_gmt":"2022-12-13T20:48:57","guid":{"rendered":"https:\/\/annamorenodamico.com\/?page_id=1842"},"modified":"2023-11-15T23:10:38","modified_gmt":"2023-11-16T02:10:38","slug":"listaan","status":"publish","type":"page","link":"https:\/\/annamorenodamico.com\/backupdois\/listaan\/","title":{"rendered":"Lista de Espera &#8211; Academia do Networking"},"content":{"rendered":"\t\t<div data-elementor-type=\"wp-page\" data-elementor-id=\"1842\" class=\"elementor elementor-1842\" data-elementor-post-type=\"page\">\n\t\t\t\t\t\t<section class=\"elementor-section elementor-top-section elementor-element elementor-element-5f6baef elementor-section-boxed elementor-section-height-default elementor-section-height-default\" data-id=\"5f6baef\" data-element_type=\"section\" data-settings=\"{&quot;background_background&quot;:&quot;classic&quot;,&quot;animation&quot;:&quot;none&quot;,&quot;animation_delay&quot;:5}\">\n\t\t\t\t\t\t\t<div class=\"elementor-background-overlay\"><\/div>\n\t\t\t\t\t\t\t<div class=\"elementor-container elementor-column-gap-default\">\n\t\t\t\t\t<div class=\"elementor-column elementor-col-100 elementor-top-column elementor-element elementor-element-053fc1f\" data-id=\"053fc1f\" data-element_type=\"column\">\n\t\t\t<div class=\"elementor-widget-wrap elementor-element-populated\">\n\t\t\t\t\t\t<div class=\"elementor-element elementor-element-ea63243 elementor-widget elementor-widget-spacer\" data-id=\"ea63243\" data-element_type=\"widget\" data-widget_type=\"spacer.default\">\n\t\t\t\t<div class=\"elementor-widget-container\">\n\t\t\t\t\t<div class=\"elementor-spacer\">\n\t\t\t<div class=\"elementor-spacer-inner\"><\/div>\n\t\t<\/div>\n\t\t\t\t<\/div>\n\t\t\t\t<\/div>\n\t\t\t\t<div class=\"elementor-element elementor-element-05d737a elementor-widget elementor-widget-image\" data-id=\"05d737a\" data-element_type=\"widget\" data-widget_type=\"image.default\">\n\t\t\t\t<div class=\"elementor-widget-container\">\n\t\t\t\t\t\t\t\t\t\t\t\t\t<img fetchpriority=\"high\" decoding=\"async\" width=\"800\" height=\"277\" src=\"https:\/\/annamorenodamico.com\/backupdois\/wp-content\/uploads\/2022\/12\/Anna-ADN-logo-azul.png.webp\" class=\"attachment-large size-large wp-image-1613\" alt=\"\" srcset=\"https:\/\/annamorenodamico.com\/backupdois\/wp-content\/uploads\/2022\/12\/Anna-ADN-logo-azul.png.webp 982w, https:\/\/annamorenodamico.com\/backupdois\/wp-content\/uploads\/2022\/12\/Anna-ADN-logo-azul.png-300x104.webp 300w, https:\/\/annamorenodamico.com\/backupdois\/wp-content\/uploads\/2022\/12\/Anna-ADN-logo-azul.png-768x266.webp 768w\" sizes=\"(max-width: 800px) 100vw, 800px\" \/>\t\t\t\t\t\t\t\t\t\t\t\t\t<\/div>\n\t\t\t\t<\/div>\n\t\t\t\t<div class=\"elementor-element elementor-element-bf55304 elementor-widget elementor-widget-spacer\" data-id=\"bf55304\" data-element_type=\"widget\" data-widget_type=\"spacer.default\">\n\t\t\t\t<div class=\"elementor-widget-container\">\n\t\t\t\t\t<div class=\"elementor-spacer\">\n\t\t\t<div class=\"elementor-spacer-inner\"><\/div>\n\t\t<\/div>\n\t\t\t\t<\/div>\n\t\t\t\t<\/div>\n\t\t\t\t<div class=\"elementor-element elementor-element-06a0216 elementor-widget elementor-widget-heading\" data-id=\"06a0216\" data-element_type=\"widget\" data-widget_type=\"heading.default\">\n\t\t\t\t<div class=\"elementor-widget-container\">\n\t\t\t<h2 class=\"elementor-heading-title elementor-size-default\"><span style=\"color: #3D3C3C\">AS INSCRI\u00c7\u00d5ES EST\u00c3O <span style=\"color: #ffffff;font-weight:500;background-color:#2062AD\"><strong> ENCERRADAS <\/strong><\/span><\/span><\/h2>\t\t<\/div>\n\t\t\t\t<\/div>\n\t\t\t\t<div class=\"elementor-element elementor-element-accbfda elementor-widget elementor-widget-heading\" data-id=\"accbfda\" data-element_type=\"widget\" data-widget_type=\"heading.default\">\n\t\t\t\t<div class=\"elementor-widget-container\">\n\t\t\t<h2 class=\"elementor-heading-title elementor-size-default\">Preencha os dados abaixo para entrar na <b>lista de espera<\/b> e fique sabendo em primeira m\u00e3o quando as vagas abrirem novamente:<\/h2>\t\t<\/div>\n\t\t\t\t<\/div>\n\t\t\t\t<div class=\"elementor-element elementor-element-a4d062b cssef-center-form elementor-button-align-stretch elementor-widget elementor-widget-form\" data-id=\"a4d062b\" data-element_type=\"widget\" data-settings=\"{&quot;step_next_label&quot;:&quot;Pr\\u00f3ximo&quot;,&quot;step_previous_label&quot;:&quot;Anterior&quot;,&quot;button_width&quot;:&quot;100&quot;,&quot;step_type&quot;:&quot;number_text&quot;,&quot;step_icon_shape&quot;:&quot;circle&quot;}\" data-widget_type=\"form.default\">\n\t\t\t\t<div class=\"elementor-widget-container\">\n\t\t\t\t\t<form class=\"elementor-form\" method=\"post\" name=\"[AN] Lista de Espera\">\n\t\t\t<input type=\"hidden\" name=\"post_id\" value=\"1842\"\/>\n\t\t\t<input type=\"hidden\" name=\"form_id\" value=\"a4d062b\"\/>\n\t\t\t<input type=\"hidden\" name=\"referer_title\" value=\"Anna Damico\" \/>\n\n\t\t\t\n\t\t\t<div class=\"elementor-form-fields-wrapper elementor-labels-\">\n\t\t\t\t\t\t\t\t<div class=\"elementor-field-type-text elementor-field-group elementor-column elementor-field-group-name elementor-col-100\">\n\t\t\t\t\t\t\t\t\t\t\t\t<label for=\"form-field-name\" class=\"elementor-field-label elementor-screen-only\">\n\t\t\t\t\t\t\t\tNome\t\t\t\t\t\t\t<\/label>\n\t\t\t\t\t\t\t\t\t\t\t\t\t\t<input size=\"1\" type=\"text\" name=\"form_fields[name]\" id=\"form-field-name\" class=\"elementor-field elementor-size-sm  elementor-field-textual\" placeholder=\"Seu nome\">\n\t\t\t\t\t\t\t\t\t\t\t<\/div>\n\t\t\t\t\t\t\t\t<div class=\"elementor-field-type-email elementor-field-group elementor-column elementor-field-group-email elementor-col-100 elementor-field-required\">\n\t\t\t\t\t\t\t\t\t\t\t\t<label for=\"form-field-email\" class=\"elementor-field-label elementor-screen-only\">\n\t\t\t\t\t\t\t\tE-mail\t\t\t\t\t\t\t<\/label>\n\t\t\t\t\t\t\t\t\t\t\t\t\t\t<input size=\"1\" type=\"email\" name=\"form_fields[email]\" id=\"form-field-email\" class=\"elementor-field elementor-size-sm  elementor-field-textual\" placeholder=\"Seu melhor e-mail\" required=\"required\" aria-required=\"true\">\n\t\t\t\t\t\t\t\t\t\t\t<\/div>\n\t\t\t\t\t\t\t\t<div class=\"elementor-field-type-text elementor-field-group elementor-column elementor-field-group-field_317ef60 elementor-col-100 elementor-field-required\">\n\t\t\t\t\t\t\t\t\t\t\t\t<label for=\"form-field-field_317ef60\" class=\"elementor-field-label elementor-screen-only\">\n\t\t\t\t\t\t\t\tTelefone\t\t\t\t\t\t\t<\/label>\n\t\t\t\t\t\t\t\t\t\t\t\t\t\t<input size=\"1\" type=\"text\" name=\"form_fields[field_317ef60]\" id=\"form-field-field_317ef60\" class=\"elementor-field elementor-size-sm  elementor-field-textual\" placeholder=\"WhatsApp (com DDD)\" required=\"required\" aria-required=\"true\">\n\t\t\t\t\t\t\t\t\t\t\t<\/div>\n\t\t\t\t\t\t\t\t<div class=\"elementor-field-group elementor-column elementor-field-type-submit elementor-col-100 e-form__buttons\">\n\t\t\t\t\t<button type=\"submit\" class=\"elementor-button elementor-size-sm\">\n\t\t\t\t\t\t<span >\n\t\t\t\t\t\t\t\t\t\t\t\t\t\t\t<span class=\" elementor-button-icon\">\n\t\t\t\t\t\t\t\t\t\t\t\t\t\t\t\t\t\t\t\t\t\t\t\t\t\t<\/span>\n\t\t\t\t\t\t\t\t\t\t\t\t\t\t\t\t\t\t\t\t\t\t<span class=\"elementor-button-text\">ENTRAR NA LISTA DE ESPERA<\/span>\n\t\t\t\t\t\t\t\t\t\t\t\t\t<\/span>\n\t\t\t\t\t<\/button>\n\t\t\t\t<\/div>\n\t\t\t<\/div>\n\t\t<\/form>\n\t\t\t\t<\/div>\n\t\t\t\t<\/div>\n\t\t\t\t<div class=\"elementor-element elementor-element-eaa9412 elementor-widget elementor-widget-image\" data-id=\"eaa9412\" data-element_type=\"widget\" data-widget_type=\"image.default\">\n\t\t\t\t<div class=\"elementor-widget-container\">\n\t\t\t\t\t\t\t\t\t\t\t\t\t<img decoding=\"async\" width=\"800\" height=\"394\" src=\"https:\/\/annamorenodamico.com\/backupdois\/wp-content\/uploads\/2022\/12\/Layer-1.svg\" class=\"attachment-large size-large wp-image-1642\" alt=\"\" \/>\t\t\t\t\t\t\t\t\t\t\t\t\t<\/div>\n\t\t\t\t<\/div>\n\t\t\t\t\t<\/div>\n\t\t<\/div>\n\t\t\t\t\t<\/div>\n\t\t<\/section>\n\t\t\t\t<\/div>\n\t\t","protected":false},"excerpt":{"rendered":"<p>AS INSCRI\u00c7\u00d5ES EST\u00c3O ENCERRADAS Preencha os dados abaixo para entrar na lista de espera e fique sabendo em primeira m\u00e3o quando as vagas abrirem novamente:<\/p>\n","protected":false},"author":1,"featured_media":0,"parent":0,"menu_order":0,"comment_status":"closed","ping_status":"closed","template":"elementor_canvas","meta":{"footnotes":""},"yoast_head":"<!-- This site is optimized with the Yoast SEO plugin v22.8 - https:\/\/yoast.com\/wordpress\/plugins\/seo\/ -->\n<title>Lista de Espera - Academia do Networking - Anna Damico<\/title>\n<meta name=\"robots\" content=\"index, follow, max-snippet:-1, max-image-preview:large, max-video-preview:-1\" \/>\n<link rel=\"canonical\" href=\"https:\/\/annamorenodamico.com\/backupdois\/listaan\/\" \/>\n<meta property=\"og:locale\" content=\"pt_BR\" \/>\n<meta property=\"og:type\" content=\"article\" \/>\n<meta property=\"og:title\" content=\"Lista de Espera - Academia do Networking - Anna Damico\" \/>\n<meta property=\"og:description\" content=\"AS INSCRI\u00c7\u00d5ES EST\u00c3O ENCERRADAS Preencha os dados abaixo para entrar na lista de espera e fique sabendo em primeira m\u00e3o quando as vagas abrirem novamente:\" \/>\n<meta property=\"og:url\" content=\"https:\/\/annamorenodamico.com\/backupdois\/listaan\/\" \/>\n<meta property=\"og:site_name\" content=\"Anna Damico\" \/>\n<meta property=\"article:modified_time\" content=\"2023-11-16T02:10:38+00:00\" \/>\n<meta property=\"og:image\" content=\"https:\/\/annamorenodamico.com\/backupdois\/wp-content\/uploads\/2022\/12\/Anna-ADN-logo-azul.png.webp\" \/>\n<meta name=\"twitter:card\" content=\"summary_large_image\" \/>\n<meta name=\"twitter:label1\" content=\"Est. tempo de leitura\" \/>\n\t<meta name=\"twitter:data1\" content=\"1 minuto\" \/>\n<script type=\"application\/ld+json\" class=\"yoast-schema-graph\">{\"@context\":\"https:\/\/schema.org\",\"@graph\":[{\"@type\":\"WebPage\",\"@id\":\"https:\/\/annamorenodamico.com\/backupdois\/listaan\/\",\"url\":\"https:\/\/annamorenodamico.com\/backupdois\/listaan\/\",\"name\":\"Lista de Espera - Academia do Networking - Anna Damico\",\"isPartOf\":{\"@id\":\"https:\/\/annamorenodamico.com\/backupdois\/#website\"},\"primaryImageOfPage\":{\"@id\":\"https:\/\/annamorenodamico.com\/backupdois\/listaan\/#primaryimage\"},\"image\":{\"@id\":\"https:\/\/annamorenodamico.com\/backupdois\/listaan\/#primaryimage\"},\"thumbnailUrl\":\"https:\/\/annamorenodamico.com\/backupdois\/wp-content\/uploads\/2022\/12\/Anna-ADN-logo-azul.png.webp\",\"datePublished\":\"2022-12-13T20:48:57+00:00\",\"dateModified\":\"2023-11-16T02:10:38+00:00\",\"breadcrumb\":{\"@id\":\"https:\/\/annamorenodamico.com\/backupdois\/listaan\/#breadcrumb\"},\"inLanguage\":\"pt-BR\",\"potentialAction\":[{\"@type\":\"ReadAction\",\"target\":[\"https:\/\/annamorenodamico.com\/backupdois\/listaan\/\"]}]},{\"@type\":\"ImageObject\",\"inLanguage\":\"pt-BR\",\"@id\":\"https:\/\/annamorenodamico.com\/backupdois\/listaan\/#primaryimage\",\"url\":\"https:\/\/annamorenodamico.com\/backupdois\/wp-content\/uploads\/2022\/12\/Anna-ADN-logo-azul.png.webp\",\"contentUrl\":\"https:\/\/annamorenodamico.com\/backupdois\/wp-content\/uploads\/2022\/12\/Anna-ADN-logo-azul.png.webp\",\"width\":982,\"height\":340},{\"@type\":\"BreadcrumbList\",\"@id\":\"https:\/\/annamorenodamico.com\/backupdois\/listaan\/#breadcrumb\",\"itemListElement\":[{\"@type\":\"ListItem\",\"position\":1,\"name\":\"In\u00edcio\",\"item\":\"https:\/\/annamorenodamico.com\/backupdois\/\"},{\"@type\":\"ListItem\",\"position\":2,\"name\":\"Lista de Espera &#8211; Academia do Networking\"}]},{\"@type\":\"WebSite\",\"@id\":\"https:\/\/annamorenodamico.com\/backupdois\/#website\",\"url\":\"https:\/\/annamorenodamico.com\/backupdois\/\",\"name\":\"Anna Damico\",\"description\":\"\",\"potentialAction\":[{\"@type\":\"SearchAction\",\"target\":{\"@type\":\"EntryPoint\",\"urlTemplate\":\"https:\/\/annamorenodamico.com\/backupdois\/?s={search_term_string}\"},\"query-input\":\"required name=search_term_string\"}],\"inLanguage\":\"pt-BR\"}]}<\/script>\n<!-- \/ Yoast SEO plugin. -->","yoast_head_json":{"title":"Lista de Espera - Academia do Networking - Anna Damico","robots":{"index":"index","follow":"follow","max-snippet":"max-snippet:-1","max-image-preview":"max-image-preview:large","max-video-preview":"max-video-preview:-1"},"canonical":"https:\/\/annamorenodamico.com\/backupdois\/listaan\/","og_locale":"pt_BR","og_type":"article","og_title":"Lista de Espera - Academia do Networking - Anna Damico","og_description":"AS INSCRI\u00c7\u00d5ES EST\u00c3O ENCERRADAS Preencha os dados abaixo para entrar na lista de espera e fique sabendo em primeira m\u00e3o quando as vagas abrirem novamente:","og_url":"https:\/\/annamorenodamico.com\/backupdois\/listaan\/","og_site_name":"Anna Damico","article_modified_time":"2023-11-16T02:10:38+00:00","og_image":[{"url":"https:\/\/annamorenodamico.com\/backupdois\/wp-content\/uploads\/2022\/12\/Anna-ADN-logo-azul.png.webp"}],"twitter_card":"summary_large_image","twitter_misc":{"Est. tempo de leitura":"1 minuto"},"schema":{"@context":"https:\/\/schema.org","@graph":[{"@type":"WebPage","@id":"https:\/\/annamorenodamico.com\/backupdois\/listaan\/","url":"https:\/\/annamorenodamico.com\/backupdois\/listaan\/","name":"Lista de Espera - Academia do Networking - Anna Damico","isPartOf":{"@id":"https:\/\/annamorenodamico.com\/backupdois\/#website"},"primaryImageOfPage":{"@id":"https:\/\/annamorenodamico.com\/backupdois\/listaan\/#primaryimage"},"image":{"@id":"https:\/\/annamorenodamico.com\/backupdois\/listaan\/#primaryimage"},"thumbnailUrl":"https:\/\/annamorenodamico.com\/backupdois\/wp-content\/uploads\/2022\/12\/Anna-ADN-logo-azul.png.webp","datePublished":"2022-12-13T20:48:57+00:00","dateModified":"2023-11-16T02:10:38+00:00","breadcrumb":{"@id":"https:\/\/annamorenodamico.com\/backupdois\/listaan\/#breadcrumb"},"inLanguage":"pt-BR","potentialAction":[{"@type":"ReadAction","target":["https:\/\/annamorenodamico.com\/backupdois\/listaan\/"]}]},{"@type":"ImageObject","inLanguage":"pt-BR","@id":"https:\/\/annamorenodamico.com\/backupdois\/listaan\/#primaryimage","url":"https:\/\/annamorenodamico.com\/backupdois\/wp-content\/uploads\/2022\/12\/Anna-ADN-logo-azul.png.webp","contentUrl":"https:\/\/annamorenodamico.com\/backupdois\/wp-content\/uploads\/2022\/12\/Anna-ADN-logo-azul.png.webp","width":982,"height":340},{"@type":"BreadcrumbList","@id":"https:\/\/annamorenodamico.com\/backupdois\/listaan\/#breadcrumb","itemListElement":[{"@type":"ListItem","position":1,"name":"In\u00edcio","item":"https:\/\/annamorenodamico.com\/backupdois\/"},{"@type":"ListItem","position":2,"name":"Lista de Espera &#8211; Academia do Networking"}]},{"@type":"WebSite","@id":"https:\/\/annamorenodamico.com\/backupdois\/#website","url":"https:\/\/annamorenodamico.com\/backupdois\/","name":"Anna Damico","description":"","potentialAction":[{"@type":"SearchAction","target":{"@type":"EntryPoint","urlTemplate":"https:\/\/annamorenodamico.com\/backupdois\/?s={search_term_string}"},"query-input":"required name=search_term_string"}],"inLanguage":"pt-BR"}]}},"_links":{"self":[{"href":"https:\/\/annamorenodamico.com\/backupdois\/wp-json\/wp\/v2\/pages\/1842"}],"collection":[{"href":"https:\/\/annamorenodamico.com\/backupdois\/wp-json\/wp\/v2\/pages"}],"about":[{"href":"https:\/\/annamorenodamico.com\/backupdois\/wp-json\/wp\/v2\/types\/page"}],"author":[{"embeddable":true,"href":"https:\/\/annamorenodamico.com\/backupdois\/wp-json\/wp\/v2\/users\/1"}],"replies":[{"embeddable":true,"href":"https:\/\/annamorenodamico.com\/backupdois\/wp-json\/wp\/v2\/comments?post=1842"}],"version-history":[{"count":22,"href":"https:\/\/annamorenodamico.com\/backupdois\/wp-json\/wp\/v2\/pages\/1842\/revisions"}],"predecessor-version":[{"id":9733,"href":"https:\/\/annamorenodamico.com\/backupdois\/wp-json\/wp\/v2\/pages\/1842\/revisions\/9733"}],"wp:attachment":[{"href":"https:\/\/annamorenodamico.com\/backupdois\/wp-json\/wp\/v2\/media?parent=1842"}],"curies":[{"name":"wp","href":"https:\/\/api.w.org\/{rel}","templated":true}]}}